ive of 5*g**4/12 + g**3/6 - 8*g**2. Determine v(-1).
-9
Let t(n) = n**3 + 3*n**2 + 2*n + 2. Let p(c) be the first derivative of -c**3 - c**2/2 + 3. Let d be p(-1). Calculate t(d).
2
Let u(s) = -3*s**2 + 3*s - 5. Let d(x) = -8*x**2 + 10*x - 15. Let h(v) = -4*d(v) + 11*u(v). Calculate h(-8).
-3
Let c(p) = 23*p - 43*p + 21*p**2 + 19*p. Determine c(-1).
22
Let u(m) = -2*m**2 + 2*m. Let k be (-11 + 16)*(7/5 - 1). Determine u(k).
-4
Let s(g) = -11*g**2 - 5*g + 1. Let d(y) = -y**2 - y. Let l(j) = 6*d(j) - s(j). Suppose -2*p = -3*p - 1. Determine l(p).
5
Let a(c) = 8 - 3 + 2 + c**2 - 4*c - 1. Suppose 4*k - 5 - 11 = 0. Calculate a(k).
6
Let k be (6/2)/(1/1). Let p(j) = -6*j**2 - j**3 - 3 + 7 - k*j + 2 + 1. Calculate p(-5).
-3
Let o(b) = b**2 + 5*b - 2. Let g be o(-6). Let v(c) be the second derivative of -c**5/20 + c**4/3 - c**3/6 + c**2 - 3*c. Calculate v(g).
-2
Let w(n) = -n**3 + 262*n - 2 + 3*n**2 - 5*n**2 - 261*n + 3. What is w(-1)?
-1
Let d(o) = 13 + o - 13. Let v(h) = h**2 + 11*h + 2. Let f(t) = 6*d(t) - v(t). What is f(-3)?
4
Let r(k) = -k**2 - 8*k - 4. Suppose -3*p + 11 = -c - 2*p, c + 2*p - 1 = 0. What is r(c)?
3
Let a(f) = -f**2 + 3*f - 6. Let d be 6/4 + 4/8. Suppose -10 = -d*i - 2. Determine a(i).
-10
Let d be ((-52)/10)/((-30)/75). Let y(z) = -7*z - 2. Let m(r) = -15*r - 5. Let v(u) = d*y(u) - 6*m(u). Let q = 5 - 2. Give v(q).
1
Let r(p) = -p**3 - 5*p**2 + p + 6. Suppose -5*g - 2 = 23. Give r(g).
1
Let v(o) = 3*o**3 + 4*o**2 - 3*o - o**3 - o**3 + 3. Let h(n) = n**3 - 4*n + 3. Let a be h(2). Suppose 4*x + 22 = -2*j, -j - a - 18 = 4*x. Calculate v(x).
-7
Let u(j) be the third derivative of -j**6/120 - j**5/12 + j**4/4 + 3*j**3/2 - 14*j**2. Calculate u(-6).
9
Let r(f) = 4 - 3 + f - 5. Let q(p) = 2*p - 11. Let v(c) = 3*q(c) - 8*r(c). Give v(-4).
7
Let p(f) = -f - 6. Let x be 1 + -12 - (4 - 7). Let m = x + 10. Let j = m - 6. Determine p(j).
-2
Let o = 13 + -10. Let r(j) be the second derivative of 0*j**4 + 1/2*j**o - 2*j + 0 - j**2 - 1/20*j**5. Give r(2).
-4
Suppose -5*i + 39 - 8 = 3*t, -2*t = -3*i - 27. Let q(y) = -y + 11. Let r be q(t). Let z(l) = l**2 + l. Give z(r).
0
Let i = 1 + 2. Let f = i + 1. Suppose -4*j - f*s + 20 - 4 = 0, 2*j - 4*s + 22 = 0. Let v(t) = -5*t**3 + t**2 + 2*t + 1. Give v(j).
5
Let d(b) = -2*b. Let l(i) = 3*i + 1. Let y(k) = -5*d(k) - 2*l(k). What is y(2)?
6
Let l(u) be the third derivative of -u**5/30 - u**4/12 - u**3/6 - 29*u**2. Suppose -5*b + 2*t - t + 11 = 0, -5*t + 5 = -5*b. Let i = -5 + b. What is l(i)?
-5
Let p(d) = -d**3 - 3*d**2 - d - 4. Let t(l) = -l + 1. Let o be t(4). Give p(o).
-1
Let b(r) be the first derivative of -9*r**2/2 - 5*r + 3. Let o(m) = 4*m + 3. Let v(a) = -3*b(a) - 5*o(a). Let y = -4 + 5. Determine v(y).
7
Let z(v) = v**3 + v**2 + v - 2. Let u be 2*(-12)/(-8) - 3. What is z(u)?
-2
Let t be 15/(-10) - (-18)/4. Let h(f) = 4*f - 1 - t*f - 4. Let v = -4 - -7. Give h(v).
-2
Let t(s) = 7*s**3 - s**2 + 9*s - 7. Let q(g) = 12*g**3 - g**2 + 17*g - 13. Let x(y) = -4*q(y) + 7*t(y). Give x(4).
-1
Let l(i) = 7*i**3 + 2*i**2 - i - 3. Let w(j) = 14*j**3 + 3*j**2 - 2*j - 5. Let f(t) = 5*l(t) - 3*w(t). What is f(-1)?
7
Let x(i) be the first derivative of -i**5/120 + i**4/3 + i**3 - 4. Let n(m) be the third derivative of x(m). Let f(z) = 4*z + 1. Let p be f(1). What is n(p)?
3
Let v(o) = -4*o + o + 11 - 19 + 2*o. What is v(-5)?
-3
Let o(a) = -a - 3 + 12 - 3. Give o(5).
1
Let a(f) = -f**3 + 5*f**2 - f + 5. Let w = 2 - 0. Let i = 18 - 12. Suppose -w*m - 4*o = i, 2*m = 5*m - 3*o - 27. What is a(m)?
0
Let g = 28 - 34. Let v(b) = -b + 6*b - 3 + b + b**2. What is v(g)?
-3
Let f(b) = 2*b + 4. Let j(m) = -m - 5. Let s(y) = 2*f(y) + 3*j(y). Let k(x) = 1. Let o(z) = -5*k(z) - s(z). Determine o(4).
-2
Let x(q) be the second derivative of -3*q**7/280 - q**6/180 + q**4/24 + 2*q**3/3 + 4*q. Let t(j) be the second derivative of x(j). Calculate t(1).
-10
Let b = -3 - -7. Let x(a) = 3*a**2 + 2 + a**2 + 4*a + 3*a**3 - a - b*a**3. What is x(5)?
-8
Let z(d) = 8 + 3*d + 2*d - 4*d - 13. Give z(8).
3
Let o = 9 + -19. Let x = o + 5. Let l(g) = 2*g**2 - 3*g - 11 + 7*g + 6 - g**2. Give l(x).
0
Let z(m) = -3*m - 9. Let x be z(-4). Let q(r) be the second derivative of -1/2*r**x + 5/12*r**4 - 2*r + 0 - 1/20*r**5 - 2*r**2. Determine q(4).
0
Let o(z) = 2 - 3*z**3 + 0 - 5*z**2 + z**3 + z**3. Determine o(-5).
2
Let i(k) = 7*k + 8*k - 8*k. Suppose -3 + 2 = d. What is i(d)?
-7
Let h(o) = 4*o**3 - 5*o**2 - 3*o + 2. Let a(i) = i**3 + i + 1. Let n(z) = 3*a(z) - h(z). Suppose -4*q = -2*q - 12. Give n(q).
1
Let k(t) = 1. Let s(a) = -6*a. Suppose -4 = -0*y - 4*y. Let v(h) = y*s(h) + 2*k(h). Calculate v(2).
-10
Let j(g) = g - 1. Let t = 4 - 7. Let a be ((-6)/(-2))/(t/(-2)). Suppose -a*y + 5*y + 12 = 0. Determine j(y).
-5
Let i = 3 - 0. Let y(m) = -m**3 + 4*m**2 - 2. Let l be y(i). Let a(z) = z**2 - 7*z + 2. Let x be a(l). Let n(t) = 3*t**2 + t - 2. Determine n(x).
12
Suppose 20 = 4*w + 40. Let l(c) = -c**3 - 5*c**2 - 2*c - 2. Calculate l(w).
8
Let g(c) = -5*c**3 - 12*c**2 + 5*c. Let a(k) = -14*k**3 - 35*k**2 + 15*k + 1. Let v(r) = -6*a(r) + 17*g(r). Determine v(5).
-6
Let t(l) be the second derivative of l**4/12 + 5*l**3/6 + 3*l**2/2 + 3*l. Give t(-4).
-1
Let z(j) = j**2 - 3*j + 2. Suppose 5*l = 4*i + 25, 3*i = -0*l - 4*l - 11. Suppose l + 1 = p - 5*c, 8 = 4*p - c. Let f be p/(-2)*(-12)/4. Determine z(f).
2
Let f(s) be the third derivative of -s**4/12 - 2*s**3/3 + 5*s**2. Let h = 10 - 13. Determine f(h).
2
Suppose -8*p = 2*u - 3*p - 17, 0 = 2*u - 3*p + 7. Let x(y) = -4*y**2 + 1. Let h be x(u). Let w(i) = i**2 + 3*i + 2. Calculate w(h).
2
Suppose -c + 30 = c. Suppose -c = o - 4*k, -4*k + 6 = o - k. Let z(v) = -v + 4. Calculate z(o).
7
Let y(w) = w - 4. Suppose -5*n + 6 = -4. Give y(n).
-2
Let t(x) = 7*x**3 + x. Let p be t(1). Let d(v) = v**2 - 9*v + 5. Let y be d(p). Let h(c) = c**2 + 2*c - 2. Calculate h(y).
1
Let o(x) = -3*x**3 - 11*x**2 - 3*x + 7. Let h(z) = -2*z**3 - 6*z**2 - 2*z + 4. Let y(c) = -5*h(c) + 3*o(c). What is y(3)?
4
Let b(s) = 1 + 2 - 2*s + 7. Let y be b(7). Let w(i) = -2*i**3 + 6*i**2 + 2. Let p(u) = -u**3 + 5*u**2 - u + 2. Let f(q) = -3*p(q) + 2*w(q). Give f(y).
2
Let k(y) = 2*y**3 - 5*y**2 + 5*y - 11. Let s(x) = 2*x + 3*x**2 - 4*x - x**3 - x**2 - 46 + 51. Let c(r) = 2*k(r) + 5*s(r). Give c(0).
3
Suppose -8 = -5*g + 7. Let y(o) = -56 - 3*o - 4*o**2 + 9*o**2 + 55 - o**3. What is y(g)?
8
Let m(l) be the third derivative of l**8/20160 + l**7/2520 - l**5/12 - 2*l**2. Let x(j) be the third derivative of m(j). What is x(-2)?
0
Let z = 2 - 4. Let d(w) be the first derivative of w**5/120 - w**4/24 + w**3/3 + 6. Let o(t) be the third derivative of d(t). Give o(z).
-3
Let h(s) = -6*s**2 + 6*s - 21. Let y(v) = v**2 - v + 3. Let i(t) = -4*h(t) - 27*y(t). What is i(3)?
-15
Let m(l) = l - 3. Let k(t) be the second derivative of t**3/6 - 3*t. Let x be k(-3). What is m(x)?
-6
Suppose 5*t + 4*a + 25 = 0, 0 = -2*t - t - 4*a - 23. Let k(m) = 3*m**3. Determine k(t).
-3
Suppose 4*a - 2*j - 3*j = 41, 4*a = -5*j - 9. Let w(d) = -d**3 + 2*d**2 + 6*d - 2. Determine w(a).
-10
Let x(m) = -3*m + m**2 - 13*m**3 - 10*m**3 + 5*m**2 + 24*m**3 - 9. Determine x(-6).
9
Let b be -1 - (6 + -4 - 6). Let a(q) be the third derivative of q**4/6 - q**3/2 + 2*q**2. Determine a(b).
9
Let p(r) be the first derivative of 3 + r + 2*r**2 + 3*r**2 - r**2 - 2*r**2. Determine p(-1).
-3
Let s(m) = m**3 - 4*m**2 + 2. Let x(j) = -2*j + 7. Let d be 10 - (0 + 4/2). Let g be x(d). Let p = -5 - g. What is s(p)?
2
Let s(a) = -4*a**2 + a. Let c(k) = -1 - 2*k + k**2 + 6*k**2 + k. Suppose 4*g - 4*t + 17 = t, -t = -g - 4. Let o(f) = g*c(f) - 5*s(f). Determine o(2).
-5
Suppose -b - 8 = -5*b, -2*b = -4*m. Let y(n) = -m + 2 - n - 7 + 1. Calculate y(-5).
0
Let a(o) = 8*o**3 - o**2 + o - 1. Let u(q) = 2 + q**2 + 2 - 3 - 4*q. Let j be u(4). Determine a(j).
7
Let p(a) = a - 7. Let u(i) = -6. Let y(l) = -5*p(l) + 6*u(l). Give y(2).
-11
Let i(n) = n**2 + n + 8. Let x be 24/(-32) + 6/8. Calculate i(x).
8
Let z = -13 - -19. Let w(u) = u + 12. Let c(i) = 2*i + 35. Let x(t) = -4*c(t) + 11*w(t). Calculate x(z).
10
Let h(q) = q - 2. Let w(l) = -l**2 + 4*l + 9. Let z(f) = 3*h(f) + w(f). What is z(7)?
3
Let h(r) = r**2 + r + 1. Let q(o) = -2*o**2 - 4*o + 2. Let x(u) = h(u) + q(u). Let m = -11 - -8. Let f be 4/